6*j - 3364. What is q(172)?
76
Let g(j) = 27*j + 1129. Give g(-42).
-5
Let r(t) = -t**3 - 28*t**2 - 20*t + 195. Give r(-27).
6
Let n(y) = -1223*y + 44. What is n(0)?
44
Let p(k) = 29*k**3 - 6*k**2 - 5*k - 1. Determine p(-1).
-31
Let r(c) = c**3 + 6*c**2 - 35. Calculate r(-3).
-8
Let s(g) = 56*g**2 + 3*g - 4. Give s(1).
55
Let b(n) = 3*n**2 - 25*n + 40. What is b(9)?
58
Let p(f) = f**2 + 6*f - 7029. Determine p(82).
187
Let w(y) = -y**2 - 134*y + 1408. Determine w(10).
-32
Let w(y) = -475*y - 10900. What is w(-23)?
25
Let w(r) = -151*r - 68. What is w(-1)?
83
Let c(i) = 7*i**2 + 27*i + 4. Determine c(-4).
8
Let i(x) = -x**3 + 40*x**2 - 204*x + 1. Calculate i(34).
1
Let k(z) = 372*z - 27917. Determine k(75).
-17
Let h(y) = -y**3 + 14*y**2 + 23*y - 48. What is h(15)?
72
Let m(l) = -l**3 + 36*l**2 + 162*l - 87. Calculate m(40).
-7
Let u(g) = -282*g + 15780. Give u(56).
-12
Let k(a) = -a**2 - 58*a + 604. Give k(-68).
-76
Let r(n) = -n**3 - 20*n**2 + 28*n + 890. What is r(-19)?
-3
Let n(o) = 5*o**2 + 76*o - 74. Calculate n(-16).
-10
Let q(u) = 25*u + 310. Determine q(-18).
-140
Let s(b) = -43*b + 381. What is s(8)?
37
Let d(i) = -i**2 + 59*i + 1860. Give d(-23).
-26
Let b(z) = -z**2 - 168*z - 778. What is b(0)?
-778
Let p(s) = -s**3 + 5*s**2 + 37*s - 19. Determine p(8).
85
Let o(u) = -u**2 + 63*u + 39. Determine o(0).
39
Let n(z) = -40*z - 626. Determine n(-15).
-26
Let s(c) = c**3 - 7*c**2 + 53*c - 156. What is s(4)?
8
Let n(b) = b**2 - 17*b - 56. What is n(20)?
4
Let v(x) = -x**3 + 134*x**2 + 553*x - 142. Determine v(138).
-4
Let p(i) = -146*i + 12852. Calculate p(88).
4
Let t(d) = 688*d - 3436. Calculate t(5).
4
Let t(g) = 10*g**2 - 696*g + 8. Give t(0).
8
Let x(m) = -74*m - 1495. Calculate x(-20).
-15
Let z(i) = -174*i - 10329. Give z(-59).
-63
Let c(z) = z**2 + 25*z + 16. Give c(-21).
-68
Let x(z) = -7266*z + 29067. Calculate x(4).
3
Let j(d) = -2*d**2 + 83*d - 883. Calculate j(20).
-23
Let b(f) = -f**3 + 53*f**2 - 138*f - 500. Calculate b(50).
100
Let u(a) = 83*a - 93. Calculate u(7).
488
Let w(m) = -202*m - 3347. Calculate w(-17).
87
Let l(g) = -66*g + 601. Determine l(10).
-59
Let w(y) = 4*y + 170. Calculate w(6).
194
Let m(y) = 13*y - 5. Calculate m(1).
8
Let r(g) = -2*g**2 + 63*g + 9. Calculate r(33).
-90
Let q(o) = -6*o**3 + 458*o**2 - 152*o + 3. Determine q(76).
3
Let t(w) = 164*w + 280. Calculate t(-5).
-540
Let j(t) = t**2 + 30*t - 255. Determine j(8).
49
Let a(d) = -93*d + 357. What is a(4)?
-15
Let g(n) = 308*n + 1341. What is g(-5)?
-199
Let m(v) = 32*v - 153. Calculate m(2).
-89
Let k(y) = y**3 - 46*y**2 + 122*y + 450. Determine k(43).
149
Let b(r) = r**3 - 62*r**2 + 511*r + 43. Calculate b(52).
-425
Let q(o) = 9*o**2 + 114*o - 31. Calculate q(-13).
8
Let t(i) = 3*i**2 + 43*i - 248. Calculate t(5).
42
Let p(m) = -25*m - 3. Determine p(0).
-3
Let n(g) = 176*g**3 - 2*g**2 + 3*g. Give n(1).
177
Let z(m) = 3*m**2 - 109*m + 984. What is z(20)?
4
Let c(a) = 63*a + 940. Determine c(-27).
-761
Let h(b) = 4*b**2 + 31*b + 58. Give h(-4).
-2
Let h(t) = -t**3 + 8*t**2 - 176*t + 1403. Calculate h(8).
-5
Let c(h) = 14*h - 237. What is c(18)?
15
Let g(p) = 348*p + 1651. Determine g(-5).
-89
Let j(n) = 3*n**2 - 380*n - 807. Calculate j(-2).
-35
Let r(d) = -321*d + 75746. Determine r(236).
-10
Let h(q) = q**3 - 7*q**2 + 41*q - 239. Determine h(6).
-29
Let i(t) = t**2 - 153*t - 946. Determine i(-6).
8
Let f(l) = 5*l**3 + 182*l**2 + 68*l - 125. Calculate f(-36).
19
Let d(g) = g**2 - 44*g - 486. Determine d(-9).
-9
Let p(r) = r**3 + 16*r**2 + 55*r + 1213. What is p(-17)?
-11
Let g(z) = -7*z**2 - 45*z + 13. Determine g(-9).
-149
Let x(v) = 9*v**2 + 57*v + 60. What is x(-8)?
180
Let i(c) = -23*c + 53. Determine i(4).
-39
Let g(v) = -v**3 + 13*v**2 - 94*v + 538. Give g(7).
174
Let q(n) = 2*n**3 - 31*n**2 + 16*n + 21. What is q(15)?
36
Let m(a) = -84*a + 1853. What is m(22)?
5
Let s(d) = -7*d - 15. What is s(-4)?
13
Let b(k) = -4*k**2 - 52*k + 59. What is b(-15)?
-61
Let r(q) = -148*q + 80. Determine r(2).
-216
Let u(o) = 3*o**3 + 13*o**2 - 23*o + 36. Determine u(-6).
-6
Let f(k) = 5*k**3 + 34*k**2 + 23*k + 4. Calculate f(-6).
10
Let o(x) = x**3 - x**2 - 11*x - 5. Calculate o(0).
-5
Let j(f) = f**3 + 3*f**2 - 31*f - 1. What is j(-7)?
20
Let c(g) = -g**2 - 162*g - 2718. Determine c(-143).
-1
Let j(a) = 13*a**2 - 190*a + 573. Determine j(10).
-27
Let c(h) = -h**3 - h**2 + 33*h + 30. What is c(-6)?
12
Let l(c) = c**3 + 14*c**2 - 456*c + 856. Give l(2).
8
Let l(g) = 486*g + 19932. Calculate l(-41).
6
Let y(t) = -2*t**2 - 2*t - 11. What is y(-7)?
-95
Let g(r) = -73*r + 206. Give g(3).
-13
Let t(f) = 2*f**3 - 53*f**2 + 160*f + 27. What is t(23)?
4
Let g(f) = -2*f**3 - 65*f**2 + 93*f + 73. Calculate g(-34).
379
Let f(a) = -a**2 - 144*a - 1211. Calculate f(-9).
4
Let q(v) = -4*v**3 + 119*v**2 - 74*v - 375. Determine q(29).
2
Let c(n) = 3*n**3 + 469*n**2 + 168*n + 1869. Determine c(-156).
-3
Let o(s) = 4*s + 83. Determine o(-17).
15
Let x(b) = -b**2 + 236*b - 7688. What is x(39)?
-5
Let n(r) = 3877*r - 7749. What is n(2)?
5
Let f(b) = 3*b**2 - 83*b + 53. What is f(26)?
-77
Let p(a) = -2*a**3 + 77*a**2 - 42*a + 143. What is p(38)?
-9
Let y(x) = 2*x**2 + 138*x + 2318. What is y(-39)?
-22
Let l(u) = -u**3 - 7*u**2 + 15*u + 45. What is l(-8)?
-11
Let p(g) = -g**2 + 419*g - 2072. Calculate p(5).
-2
Let j(t) = 6*t**3 + 110*t**2 + 137*t + 21. Give j(-17).
4
Let p(g) = 12059*g - 132654. What is p(11)?
-5
Let s(q) = 9*q - 281. Determine s(49).
160
Let r(w) = 21*w**2 - 320*w + 82. What is r(15)?
7
Let h(s) = 4*s**2 + 233*s - 2718. Determine h(10).
12
Let c(k) = -k**2 + 67*k + 1235. What is c(82)?
5
Let f(j) = -j**3 - 14*j**2 + 7*j - 105. Give f(-15).
15
Let p(k) = -4*k**2 + 28*k - 225. Give p(5).
-185
Let r(f) = -f**3 - 14*f**2 + 31*f - 32. Determine r(-16).
-16
Let d(l) = l**3 - 72*l**2 - 1209*l - 69. What is d(-14)?
1
Let k(t) = 2*t**3 - 148*t**2 + 287*t - 39. What is k(72)?
-111
Let v(o) = 8*o**2 - 330*o - 230. Calculate v(42).
22
Let c(u) = -u**3 - 20*u + 368. Give c(0).
368
Let w(c) = -c**2 + 77*c - 515. Give w(8).
37
Let z(b) = 73*b + 245. What is z(-5)?
-120
Let p(m) = -m**3 + m**2 + 35*m - 54. Give p(6).
-24
Let g(c) = 3*c**2 + 58*c - 246. Give g(-23).
7
Let o(n) = 109*n + 7646. Determine o(-70).
16
Let z(m) = 22*m + 995. Give z(-51).
-127
Let i(m) = -4*m - 119. What is i(-17)?
-51
Let n(c) = -25*c + 213. Determine n(9).
-12
Let z(c) = -55*c**2 - 20*c + 19. Give z(1).
-56
Let o(f) = -3*f**2 + 16*f + 25. What is o(7)?
-10
Let o(m) = 3802*m - 26612. Calculate o(7).
2
Let c(l) = 28*l - 177. What is c(4)?
-65
Let g(z) = -z**3 - 20*z**2 - 42*z - 60. Calculate g(-18).
48
Let a(y) = 20*y**2 + 111*y - 226. Calculate a(2).
76
Let s(d) = -d**2 + 21*d + 481. Determine s(35).
-9
Let l(y) = -y**3 + 10*y**2 - 17*y + 360. Determine l(9).
288
Let h(q) = -43*q**2 + 77*q - 9. Give h(2).
-27
Let y(b) = 19209*b + 1. Give y(0).
1
Let i(z) = 65*z + 491. What is i(-7)?
36
Let h(m) = 88*m - 5819. What is h(67)?
77
Let i(w) = 25*w - 556. Determine i(11).
-281
Let u(x) = 4*x**2 - 702*x - 4883. Calculate u(-7).
227
Let h(p) = 1874*p + 7502. What is h(-4)?
6
Let i(v) = v**2 + 82*v + 1761. Give i(-54).
249
Let o(x) = x**2 - 44*x + 450. Give o(27).
-9
Let r(m) = -3*m**3 + 3*m**2 + 2*m + 15. Calculate r(3).
-33
Let p(b) = -b**3 - 324*b**2 + 303*b - 7124. Calculate p(-325).
26
Let y(a) = 173*a + 3068. Calculate y(-19).
-219
Let v(f) = -5*f**2 - 434*f - 709. Calculate v(-85).
56
Let a(b) = b**2 + 96*b - 194. Calculate a(2).
2
Let r(x) = -627*x - 4344. What is r(-7)?
45
Let m(f) = -2909*f - 93089. Give m(-32).
-1
Let z(s) = 62*s**2 + 5*s + 12. Determine z(-2).
250
Let i(y) = -3*y**3 - 235*y**2 + 651*y + 252. Determine i(-81).
9
Let s(x) = 2*x**2 + 5*x - 1. Calculate s(7).
132
Let r(g) = -g**3 + g**2 - 83*g - 39. Calculate r(0).
-39
Let f(j) = 7*j**2 - 187*j + 614. Calculate f(23).
16
Let h(b) = 2*b**2 - 55*b + 129. Calculate h(25).
4
Let v(d) = -d**3 + 33*d**2 - 31*d - 55. Give v(32).
-23
Let o(q) = -454*q + 4996. What is o(11)?
2
Let s(i) = i**3 + 12*i**2 + 25*i + 265. Calculate s(-14).
-477
Let d(f) = -12*f**2 - 853*f - 82. Give d(-71).
-11
Let c(y) = 19*y - 1007. Give c(54).
19
Let l(z) = 11*z + 1072. Determine l(-106).
-94
Let g(r) = r**3 - 4*r**2 - 4*r + 14. Determine g(6).
62
Let l(w) = -